{"id":797,"date":"2023-08-18T18:07:12","date_gmt":"2023-08-18T16:07:12","guid":{"rendered":"https:\/\/voiliernana.fr\/?page_id=797"},"modified":"2026-01-17T21:55:47","modified_gmt":"2026-01-17T20:55:47","slug":"partager-ses-traces-en-long-voyage-en-voilier","status":"publish","type":"page","link":"https:\/\/voiliernana.fr\/index.php\/partager-ses-traces-en-long-voyage-en-voilier\/","title":{"rendered":"Comment partager ses traces en long voyage en voilier\u00a0?"},"content":{"rendered":"\n<p>Le but du tracking GPS est d&rsquo;assurer \u00e0 vos amis un suivi de vos voyages et donc de partager votre trajet sur internet. Cela peut aussi se justifier pour des raisons de s\u00e9curit\u00e9 mais, dans ce cas, le tracking devra mettre \u00e0 jour \u00e0 intervalle r\u00e9gulier et en \u00ab&nbsp;temps r\u00e9el&nbsp;\u00bb notre position sur internet pour que le suivi de votre parcours par d&rsquo;autres personnes connect\u00e9es \u00e0 internet se fasse en direct.<\/p>\n\n\n\n<p><strong>LE VRAI TRACKING GPS MODERNE  \u00ab&nbsp;en temps r\u00e9el&nbsp;\u00bb&nbsp;:<\/strong><br>A noter que sur la plupart des voilier avec un AIS \u00e9metteur class B d\u00e8s qu&rsquo;on est au large, on perd notre trace qui ne peut \u00eatre relay\u00e9e que par des gros cargos que l&rsquo;on croiserait.<br>Pour des raisons de s\u00e9curit\u00e9 et de suivi sur une longue travers\u00e9e un tracking GPS en temps r\u00e9el au large est donc bien mieux et plus s\u00e9curisant que l&rsquo;AIS. Pour les personnes qui vous suivent, au large le tracking GPS est compl\u00e9mentaire&nbsp;avec l&rsquo;AIS: le tracking permet aux personnes \u00e0 terre de nous suivre, en navigation l&rsquo;AIS nous permet de suivre \u00e0 bord les bateaux sur notre route \u00e0 proximit\u00e9.<br>La solution que j&rsquo;ai retenue est l&rsquo;utilisation du tracking predictwind&nbsp;: le pr\u00e8s requis est l&rsquo;achat du datahub predictwind (300 \u20ac) et l&rsquo;utilisation d&rsquo;un abonnement m\u00e9t\u00e9o Predictwind Croisi\u00e8re Monde (environ 200 \u20ac \/ an).<br>Avec cet abonnement on dispose du service de tracking en \u00ab&nbsp;temps r\u00e9el&nbsp;\u00bb:<strong> avec starlink au large <\/strong>l&rsquo;envoi de notre position sur le site internet de pr\u00e9dictwind toutes les heures (fr\u00e9quence param\u00e9trable). Si on capte internet pr\u00e8s des c\u00f4tes en partageant la connexion de notre smartphone <em>ou gr\u00e2ce a ce fameux Starlink<\/em> loin des c\u00f4tes, le DataHub Predictwind <a href=\"https:\/\/www.predictwind.com\/fr\/datahub\" target=\"_blank\" rel=\"noreferrer noopener\">https:\/\/www.predictwind.com\/fr\/datahub<\/a> envoie aussi notre position sur le site internet de predictwind \u00e0 intervalle r\u00e9gulier (pour moi toutes les 20 minutes fr\u00e9quence param\u00e9trable).<br>Notre parcours depuis 2022&nbsp;: <a href=\"https:\/\/forecast.predictwind.com\/tracking\/display\/NANA\/\" target=\"_blank\" rel=\"noreferrer noopener\">https:\/\/forecast.predictwind.com\/tracking\/display\/NANA\/<\/a><\/p>\n\n\n\n<p><strong>Ce syst\u00e8me Datahub de predictwind est tr\u00e8s bien mais un peu cher&#8230; Etant ing\u00e9nieur \u00ab\u00a0jeune\u00a0\u00bb retrait\u00e9 et parti en tr\u00e8s long voyage sur notre voilier sans date de retour,  j&rsquo;ai \u00e9galement con\u00e7u et d\u00e9velopp\u00e9 un vrai syst\u00e8me de tracking GPS qui permet de partager nos traces sur internet de fa\u00e7on sure via Starlink quand on est au large : Navistep. Ce syst\u00e8me Navistep est d\u00e9sormais commercialis\u00e9 et est beaucoup moins cher.<\/strong><\/p>\n\n\n\n<p><a href=\"https:\/\/voiliernana.fr\/index.php\/navistep-cest-quoi\/\" target=\"_blank\" rel=\"noopener\" title=\"\"><strong>Navistep  c&rsquo;est quoi ?<\/strong><\/a><\/p>\n\n\n\n<p><\/p>\n\n\n\n<p><\/p>\n\n\n\n<p><strong>LES AUTRES SYSTEMES DE TRACKING PLUS ANCIENS<\/strong><\/p>\n\n\n\n<p>Mon but n&rsquo;est pas de faire ici une revue de tous les syst\u00e8mes de tracking existants. Il y a plein d&rsquo;autres syst\u00e8mes de tracking GPS plus anciens je vous renvoie \u00e0 ce lien: <a href=\"https:\/\/www.noforeignland.com\/help\/boat\/move\" target=\"_blank\" rel=\"noreferrer noopener\">https:\/\/www.noforeignland.com\/help\/boat\/move<\/a><br>Ce syst\u00e8me NoforeignLand a l&rsquo;avantage d&rsquo;\u00eatre quasi gratuit si on dispose d\u00e9j\u00e0 d&rsquo;une connexion internet \u00e0 bord: <a href=\"https:\/\/www.noforeignland.com\/help\" target=\"_blank\" rel=\"noreferrer noopener\">https:\/\/www.noforeignland.com\/help<\/a><br>Une autre solution payante int\u00e9ressante et de qualit\u00e9 bien adapt\u00e9e \u00e0 des longs voyages avec des option d&rsquo;envoi de trace par mail, iridium go etc\u2026: <a href=\"https:\/\/travelmap.net\/fr\" target=\"_blank\" rel=\"noreferrer noopener\">https:\/\/travelmap.net\/fr<\/a><br>Exemple: j&rsquo;avais d\u00e9j\u00e0 utilis\u00e9 ce syst\u00e8me l\u00e0&nbsp;: <a href=\"https:\/\/esperanzasailing.travelmap.net\/\" target=\"_blank\" rel=\"noreferrer noopener\">https:\/\/esperanzasailing.travelmap.net\/<\/a><\/p>\n\n\n\n<p><\/p>\n\n\n\n<p><\/p>\n\n\n\n<p><strong>LE \u00ab&nbsp;FAUX TRACKING&nbsp;\u00bb  SUR SMARTPHONE <\/strong><br>C&rsquo;est une autre possibilit\u00e9 \u00e0 moindre co\u00fbt pour partager vos traces mais, l\u00e0, ce n&rsquo;est plus en temps r\u00e9el d\u00e8s qu&rsquo;on est au large l\u00e0 contrairement \u00e0 l&rsquo;iridium ou \u00e0 starlink plus de r\u00e9seau 3\/4 G et plus d&rsquo;internet. Au large la g\u00e9n\u00e9ration de notre trace li\u00e9e au tracking gps bas\u00e9 sur des satellites fonctionne bien de fa\u00e7on permanente hors internet mais h\u00e9las le partage de cette trace est impossible hors internet. Donc l\u00e0 on ne se pr\u00e9occupe plus de questions de s\u00e9curit\u00e9 mais uniquement de visualisation de nos traces puis de partage et diffusion sur internet de temps en temps ou une fois notre balade termin\u00e9e que quand on capte internet pr\u00e8s des c\u00f4tes \u2026. L\u00e0 le nombre de logiciels sur smartphone est impressionnant&nbsp;! <strong><em>Plusieurs cat\u00e9gories:<\/em><\/strong><\/p>\n\n\n\n<p><strong>Des logiciels g\u00e9n\u00e9ralistes sur smartphone<\/strong>   Exemple: &nbsp;<a href=\"https:\/\/www.polarsteps.com\/\" target=\"_blank\" rel=\"noreferrer noopener\">https:\/\/www.polarsteps.com\/<\/a>&nbsp; ou&nbsp;<a href=\"https:\/\/findpenguins.com\/\" target=\"_blank\" rel=\"noreferrer noopener\">https:\/\/findpenguins.com\/&nbsp;<\/a> &nbsp;exemple en Gr\u00e8ce: <a href=\"https:\/\/findpenguins.com\/5zv97kazlsbkz\/trip\/balade-en-grece-janvier-2019\" target=\"_blank\" rel=\"noreferrer noopener\">https:\/\/findpenguins.com\/5zv97kazlsbkz\/trip\/balade-en-grece-janvier-2019<\/a><br>A mon avis ,tous ces logiciels sont ferm\u00e9s et tr\u00e8s consommateurs d&rsquo;\u00e9nergie sur le smartphone si le tracking est activ\u00e9&#8230;&nbsp; et d\u00e8s qu&rsquo;on importe un fichier GPX&nbsp; issu du tracking GPS  \u00e7a devient tr\u00e8s compliqu\u00e9\u2026&nbsp; Donc applications jolies, adapt\u00e9es \u00e0 des gens qui ne connaissent pas l&rsquo;informatique mais peu adapt\u00e9es \u00e0 un tr\u00e8s long voyage et finalement peu polyvalentes.<\/p>\n\n\n\n<p><strong>Des logiciels type randonn\u00e9e sur smartphone<\/strong> avec un tracking GPS par randonn\u00e9e, un des plus connu wikiloc, et l\u00e0 la liste est longue mais l\u00e0 aussi peu adapt\u00e9 \u00e0 des tr\u00e8s longs voyages car d\u00e8s qu&rsquo;on active le tracking GPS sur un smartphone la consommation de la batterie devient tr\u00e8s importante. Dans la premi\u00e8re version de mon logiciel de voyage j&rsquo;avais adopt\u00e9 cette solution de tracking GPS int\u00e9gr\u00e9 au smartphone mais au bout de moins d&rsquo;un jour, plus de batterie arr\u00eat intempestif du smartphone et donc coupure de mes traces\u2026 J&rsquo;ai vite abandonn\u00e9 cette solution\u2026.<\/p>\n\n\n\n<p><\/p>\n\n\n\n<p><\/p>\n\n\n\n<p><strong>AUTRE ALTERNATIVE PEU CO\u00dbTEUSE EXPORTER DES .GPX ET LES PARTAGER ENSUITE<\/strong><\/p>\n\n\n\n<p>En long voyage en voilier, si on veut r\u00e9cup\u00e9rer de fa\u00e7on fiable nos traces GPS il est donc imp\u00e9ratif d&rsquo;utiliser un syst\u00e8me qui fonctionne en parall\u00e8le de nos instruments de navigation de fa\u00e7on totalement transparente.<\/p>\n\n\n\n<p>C&rsquo;est le cas avec ce petit boitier bas\u00e9 sur un arduino nano, pour un cout d\u00e9risoire et une consommation \u00e9lectrique minimale, d\u00e8s que mes instruments de nord sont allum\u00e9s il se met en marche et g\u00e9n\u00e8re des fichiers .GPX pouvant ensuite \u00eatre r\u00e9utilis\u00e9s.<\/p>\n\n\n\n<p>Voir mon article \u00e0 ce sujet: <strong><a href=\"https:\/\/voiliernana.fr\/index.php\/un-tracker-gps-adapte-aux-voyages-en-voilier\" target=\"_blank\" rel=\"noreferrer noopener\">Un mini tracker GPS adapt\u00e9 aux voyages en voilier a tr\u00e8s faible co\u00fbt<\/a><\/strong><\/p>\n\n\n\n<p>Gr\u00e2ce aux fichiers GPX fournis par cet arduino nano qui trace mes parcours en .GPX sur une carte SD il est ensuite facile d&rsquo;importer ces fichiers traces .GPX quand je veux et ensuite partager mon trac\u00e9 sur internet. <\/p>\n\n\n\n<p>Un fichier GPX c&rsquo;est quoi ? C&rsquo;est un fichier standardis\u00e9 reconnu par de nombreux logiciels qui contient une s\u00e9rie de points GPS permettant ensuite de retracer un parcours. <a href=\"https:\/\/fr.wikipedia.org\/wiki\/GPX_(format_de_fichier)\" target=\"_blank\" rel=\"noreferrer noopener\">https:\/\/fr.wikipedia.org\/wiki\/GPX_(format_de_fichier)<\/a><\/p>\n\n\n\n<p><\/p>\n\n\n\n<p><strong>Autres alternatives de g\u00e9n\u00e9ration de traces .GPX<\/strong><\/p>\n\n\n\n<p>Pour les adeptes de Navionics, vous me direz il y a bien les traces Navionics mais celles ci sont activables manuellement, leur tailles sont monstrueuses par rapport \u00e0 la vitesse de d\u00e9placement d&rsquo;un voilier si on veut les exporter en format GPX dans d&rsquo;autres logiciels&nbsp;; donc pour moi inadapt\u00e9es.<br>Autres alternatives plus fiables qui sont bas\u00e9es sur la r\u00e9cup\u00e9ration des informations NMEA du voilier, l\u00e0 aussi de nombreux logiciels de type data logger avec journaux de bords, parmi les plus connus mais payant: <a href=\"https:\/\/logbooksuite.de\/fr\/logbook\/\" target=\"_blank\" rel=\"noreferrer noopener\">https:\/\/logbooksuite.de\/fr\/logbook\/<\/a> cela n&rsquo;est pas tourn\u00e9 vers le partage de nos navigation sur internet mais plut\u00f4t sur une visualisation tr\u00e8s pr\u00e9cise et par nous m\u00eames de nos navigations\u2026. une autre alternative selon moi plus ouverte est open source mais r\u00e9serv\u00e9e \u00e0 des personnes qui aiment la technique tout ce qui tourne autour de signal K :  <a href=\"https:\/\/signalk.org\" target=\"_blank\" rel=\"noopener\" title=\"\">https:\/\/signalk.org<\/a>    Il y a plein de r\u00e9alisations autour de Signal K voir par exemple:  <a href=\"https:\/\/github.com\/arthur-expeditions\/signalk-logbook\" target=\"_blank\" rel=\"noreferrer noopener\">https:\/\/github.com\/arthur-expeditions\/signalk-logbook<\/a> dans le domaine gratuit des logers il y a aussi tous les plugins OpenCPN <a href=\"https:\/\/opencpn.org\/OpenCPN\/plugins\/vdr.htm\" target=\"_blank\" rel=\"noreferrer noopener\">https:\/\/opencpn.org\/OpenCPN\/plugins\/vdr.htm<\/a>l ou <a href=\"https:\/\/opencpn.org\/OpenCPN\/plugins\/logbookkonni.html\" target=\"_blank\" rel=\"noreferrer noopener\">https:\/\/opencpn.org\/OpenCPN\/plugins\/logbookkonni.html<\/a> Ceux ci utilisent les donn\u00e9es issus de notre r\u00e9seau nmea et ils sont plus tourn\u00e9s vers le journal de bord de notre voilier que vers le partage du voyage sur internet.<\/p>\n\n\n\n<p>Attention, les fichiers .GPX g\u00e9n\u00e9r\u00e9s avec une fr\u00e9quence de points beaucoup trop importante risquent d&rsquo;avoir une taille trop importante les rendant inexploitables et il faudra les r\u00e9duire avant l&rsquo;importation dans tel ou tel logiciel.<\/p>\n\n\n\n<p><strong>Etapes pr\u00e9alables \u00e0 l&rsquo;importation d&rsquo;un fichier .GPX<\/strong><br>Rappel mon tracker GPS arduino g\u00e9n\u00e8re des fichiers avec une position GPS toutes les heures cela est suffisant. Si on d\u00e9sire importer des fichiers GPX venant d&rsquo;autres applications g\u00e9n\u00e9rant des fichiers GPX volumineux (exemple navionics ou autres\u2026 la liste est longue.) , au moment de l&rsquo;importation du fichier GPX il existe des logiciels tr\u00e8s utiles pour r\u00e9duire la taille les .GPX et leur nombre de points gps. Si on manipule des GPX mais aussi des fichiers NMEA0183 : un v\u00e9ritable couteau suisse qui permet d&rsquo;importer exporter dans tous les sens avec des filtres intelligents:<strong> GPSBABEL<\/strong> est un utilitaire tr\u00e8s puissant qui fonctionne en mode ligne de commande et peut donc \u00eatre automatis\u00e9 dans des scripts. Il est pr\u00e9sent sur de nombreux OS en mode ligne de commande. <a href=\"https:\/\/www.gpsbabel.org\/\" target=\"_blank\" rel=\"noreferrer noopener\">https:\/\/www.gpsbabel.org\/<\/a><br><a href=\"https:\/\/wiki.openstreetmap.org\/wiki\/GPSBabel\/Using_filters\" target=\"_blank\" rel=\"noreferrer noopener\">https:\/\/wiki.openstreetmap.org\/wiki\/GPSBabel\/Using_filters<\/a> l\u00e0 voir ensuite la rubrique <em>Simplifying tracks<\/em> pour obtenir des fichiers GPX moins volumineux.<\/p>\n\n\n\n<p><strong><em>Si on veut importer nos traces via un fichier .CSV en format texte: Latitude,Longitude,TimeStamp  vers un  .GPX gratuitement, un solution simple et efficace via une interface web existe: <\/em><\/strong><a href=\"https:\/\/www.gpsvisualizer.com\/convert_input?convert_format=text\">https:\/\/www.gpsvisualizer.com\/convert_input?convert_format=text<\/a><\/p>\n\n\n\n<p>Un autre outil indispensable si on veut voir, contr\u00f4ler ou corriger ses .GPX avant importation&nbsp;: GPX track Editor: <a href=\"http:\/\/www.gpstrackeditor.com\/\" target=\"_blank\" rel=\"noreferrer noopener\">http:\/\/www.gpstrackeditor.com\/<\/a> Les fichiers .GPX \u00e9tant une norme tr\u00e8s r\u00e9pandue, on a un large choix d&rsquo;autres outils de visualisation et correction de .GPX<\/p>\n\n\n\n<p>De nombreux logiciels permettent de voir nos trac\u00e9s .GPX, le plus connu: Google Hearth. Il existe ensuite de nombreux sites ou applications permettant de partager des traces GPX sur internet. Exemples: <a href=\"https:\/\/www.visugpx.com\/\" target=\"_blank\" rel=\"noreferrer noopener\">https:\/\/www.visugpx.com<\/a><br>Une partie de mon parcours:&nbsp;<a href=\"https:\/\/www.visugpx.com\/membres\/143533\/flux\" target=\"_blank\" rel=\"noreferrer noopener\">https:\/\/www.visugpx.com\/membres\/143533\/flux<\/a><br>L\u00e0 on est limit\u00e9 \u00e0 24 photos par trajet; pas suffisant pour un long trajet en voilier et unit\u00e9s en Km donc h\u00e9las un peu trop g\u00e9n\u00e9rique&#8230;.. ou des interfaces web gratuites mais&nbsp; bien trop g\u00e9n\u00e9riques comme <a href=\"https:\/\/www.gpsvisualizer.com\" target=\"_blank\" rel=\"noreferrer noopener\">https:\/\/www.gpsvisualizer.com <\/a> <\/p>\n\n\n\n<p><strong>Pour g\u00e9n\u00e9rer des videos (format .mp4) de vos parcours \u00e0 partir d&rsquo;une page web en important votre fichier GPX je vous recommande tout particuli\u00e8rement <a href=\"https:\/\/www.rumbo.world\/\" target=\"_blank\" rel=\"noopener\" title=\"\">https:\/\/www.rumbo.world\/<\/a><\/strong><\/p>\n\n\n\n<p><\/p>\n\n\n\n<p><\/p>\n\n\n\n<p><\/p>\n\n\n\n<p><\/p>\n","protected":false},"excerpt":{"rendered":"<p>Le but du tracking GPS est d&rsquo;assurer \u00e0 vos amis un suivi de vos voyages et donc de partager votre trajet sur internet. Cela peut aussi se justifier pour des raisons de s\u00e9curit\u00e9 mais, dans ce cas, le tracking devra mettre \u00e0 jour \u00e0 intervalle r\u00e9gulier et en \u00ab&nbsp;temps r\u00e9el&nbsp;\u00bb notre position sur internet pour&hellip; <a class=\"more-link\" href=\"https:\/\/voiliernana.fr\/index.php\/partager-ses-traces-en-long-voyage-en-voilier\/\">Poursuivre la lecture <span class=\"screen-reader-text\">Comment partager ses traces en long voyage en voilier\u00a0?<\/span><\/a><\/p>\n","protected":false},"author":1,"featured_media":0,"parent":0,"menu_order":0,"comment_status":"closed","ping_status":"closed","template":"","meta":{"_monsterinsights_skip_tracking":false,"_monsterinsights_sitenote_active":false,"_monsterinsights_sitenote_note":"","_monsterinsights_sitenote_category":0,"footnotes":""},"aioseo_notices":[],"_links":{"self":[{"href":"https:\/\/voiliernana.fr\/index.php\/wp-json\/wp\/v2\/pages\/797"}],"collection":[{"href":"https:\/\/voiliernana.fr\/index.php\/wp-json\/wp\/v2\/pages"}],"about":[{"href":"https:\/\/voiliernana.fr\/index.php\/wp-json\/wp\/v2\/types\/page"}],"author":[{"embeddable":true,"href":"https:\/\/voiliernana.fr\/index.php\/wp-json\/wp\/v2\/users\/1"}],"replies":[{"embeddable":true,"href":"https:\/\/voiliernana.fr\/index.php\/wp-json\/wp\/v2\/comments?post=797"}],"version-history":[{"count":50,"href":"https:\/\/voiliernana.fr\/index.php\/wp-json\/wp\/v2\/pages\/797\/revisions"}],"predecessor-version":[{"id":1359,"href":"https:\/\/voiliernana.fr\/index.php\/wp-json\/wp\/v2\/pages\/797\/revisions\/1359"}],"wp:attachment":[{"href":"https:\/\/voiliernana.fr\/index.php\/wp-json\/wp\/v2\/media?parent=797"}],"curies":[{"name":"wp","href":"https:\/\/api.w.org\/{rel}","templated":true}]}}